 of -l**4/6 - 5*l**3/6 + l**2 + l. Give r(-4).
-10
Let b(t) = t**2 + 4*t + 1. Let d(q) be the second derivative of q**5/5 - q**4/12 - q**3/3 - q**2/2 - 2*q. Let i = 9 + -10. Let m be d(i). What is b(m)?
1
Let n(v) = 2*v - 5. Let s be n(5). Let c(y) = -1 - 6*y - 4*y**2 + 0*y + 6 + 0*y + y**3. Determine c(s).
0
Let m(a) = a**2 + 5*a - 6. Let b be m(-6). Suppose b = 3*x + x + 12. Let k(y) = y**2 + y + 3. Calculate k(x).
9
Suppose -2*j = -6*j + 24. Let s be 84/10 - j/15. Let m = -11 + s. Let w(g) = g**3 + 3*g**2 - 4. Give w(m).
-4
Let d(z) = -2*z**2 + z + 4. Let r(t) = 0*t**2 + 2 - 2*t**2 + t - 5 + 6. Let w(h) = -4*d(h) + 5*r(h). Give w(-2).
-11
Let j(m) = -2*m + 2. Let v be 22/6 - 3/(-9). Suppose -v*p + 22 + 18 = 0. Suppose -4*u - 2*z = -p, 4*u + 0 = -4*z + 4. What is j(u)?
-6
Let p(r) be the first derivative of r**5/120 - r**3/3 + 1. Let z(c) be the third derivative of p(c). Let o be z(-2). Let h(w) = -w. Give h(o).
2
Let x(w) = -w. Let y(n) = -5*n + 5. Let d(a) = 4*x(a) - y(a). Suppose -2*i + 5*i = 12. Give d(i).
-1
Let h(l) = -l**3 + 2*l**2 + 2 - 7 - l**2 + 0. Determine h(0).
-5
Let j(l) be the second derivative of -l**4/12 + 5*l**3/6 + 7*l**2/2 - 2*l. Let v be (-1 + 18/3)/(9 - 8). What is j(v)?
7
Let d(h) = -h**3 + 5*h**2 + 4*h - 6. Suppose -4*b + 9 = -15. Give d(b).
-18
Let u(z) = -3*z - 9. Let c(f) = -f - 2. Let t(i) = 18*c(i) - 4*u(i). Let j = -3 - -6. Suppose -p - 5 = -4*n + n, 2*p + j = -n. Determine t(n).
-6
Let g(o) be the second derivative of -o**3/6 + 5*o**2/2 - 66*o. Calculate g(4).
1
Let i(c) be the second derivative of -c**3/3 - c**2/2 - 4*c. Determine i(3).
-7
Let d(f) = -10*f. Let a(z) be the third derivative of 0*z**3 + 0*z - 2*z**2 + 0 - 1/24*z**4. Let k(p) = 52*a(p) - 6*d(p). Determine k(1).
8
Let b(m) = -1 - 2 - 6 + 0 + m. Let s(w) = w - 10. Let j(q) = -4*b(q) + 3*s(q). What is j(4)?
2
Let x(g) = -g**2 + 6*g - 8. Suppose 2*j - 3*a - 17 = -5, -4*j = 3*a - 24. Determine x(j).
-8
Let z(u) be the second derivative of -u**4/12 - u**3/2 + 3*u**2 + 4*u. Calculate z(-5).
-4
Suppose 3*y + 5*p = -0*y + 17, -3*y = 3*p - 15. Let m = 6 + -4. Let v(k) = 3 + 2*k - 3 - m. What is v(y)?
6
Let x(l) be the third derivative of 0*l + l**2 + 0*l**5 + 1/6*l**3 + 1/120*l**6 + 0 + 0*l**4. Determine x(-1).
0
Let o(x) = -x**2 + 3*x + 1. Let u be o(4). Let a(v) be the second derivative of v**4/12 + v**3/6 - 2*v**2 - v. What is a(u)?
2
Let n(w) be the second derivative of w**4/4 - w**3/6 + w**2 - 22*w. What is n(2)?
12
Let f be 0 + -1 + (2 - 1). Let l(g) be the third derivative of -1/24*g**4 + 0*g + 0 + g**3 + 2*g**2. Determine l(f).
6
Let i(o) = o**2 - 7*o + 3. Let d be i(7). Let b(s) = -2*s + s**2 - 1 + 3 - 2*s**2 + 3*s. What is b(d)?
-4
Let b(l) = -5*l**2 - 3*l - 1 - 2*l**2 + 3*l. Determine b(1).
-8
Let s(h) = h - 8. Let l(y) be the first derivative of -y**4/4 - 7*y**3/3 - 2*y**2 + 8*y - 4. Let w be l(-6). Let x = 1 - w. What is s(x)?
-3
Let c(t) be the third derivative of t**9/60480 - t**8/2880 + t**7/1260 + t**6/120 - t**5/15 - 2*t**2. Let m(n) be the third derivative of c(n). Give m(6).
-6
Suppose 3*t = 4*v + 2, 0*t = 5*t - 3*v - 7. Let r(o) = -3*o**3 - t*o + 0*o + 2*o**3 - 1 + 5*o**2. Determine r(4).
7
Suppose 0*u + 4*u = 4*j, -2*j - 4*u = 0. Suppose 0 = -j*r + 5*r - 5. Let d(f) = -1 + 1 - 11*f + r. Calculate d(1).
-10
Suppose 3*u - 5 = 1. Suppose 2*a - f + 6 = f, u*a = f - 3. Let m(w) = w**2 + 8. What is m(a)?
8
Let g(v) be the third derivative of 1/6*v**4 + 0 + 0*v + 0*v**3 + 3*v**2. What is g(-1)?
-4
Suppose 10 = -22*t + 21*t. Let w(r) = -r - 9. What is w(t)?
1
Let q be 4/(-12) - 1/(-3). Let z(i) = i**2 - i + 3. Determine z(q).
3
Let f(l) = 2*l + 11. Let b be -1*(-3)/3 + -5. Let u(z) = z + 5. Let d(t) = b*f(t) + 9*u(t). Determine d(0).
1
Let v = -9 - -17. Let w(o) = 3*o - 2 + v + o**2 + o. Let d(g) = -3*g - 1. Let q be d(1). Determine w(q).
6
Let q(y) = -10*y**3 + 1. Let g = -14 - -9. Let u = -4 - g. What is q(u)?
-9
Suppose -5*u + 18 = 2*b, -u + 1 = b - 2. Let h(z) = 5*z**2 - 2*z - 1. Let w be h(b). Suppose 9 = 3*q - w*q. Let f(s) = 2*s + 3. Give f(q).
-3
Suppose -2*q - 2 = -3*q. Suppose 0 = -2*b + z, 5*b + 0 = z + 3. Let w(y) = q*y - y - 1 - b. Give w(4).
2
Let b = 2 - 3. Let v(i) = 4*i**2 + i + 1. Determine v(b).
4
Let r(h) be the second derivative of h**5/20 - h**4/2 + 2*h**3/3 + 5*h**2/2 - 9*h. Give r(5).
0
Let t(n) = -n**3 + n**2 + 1. Suppose 0 = -7*j + 2*j. Let y(u) be the third derivative of u**5/60 - u**4/24 + u**3/3 - u**2. Let f be y(j). Give t(f).
-3
Let d = -32 + 39. Let a(t) = -t + 4. Determine a(d).
-3
Let g(d) = d + 5. Let l(v) = -v**2 + 4*v + 2. Let n be l(6). Let s(y) = y**3 + 9*y**2 - 11*y - 15. Let f be s(n). What is g(f)?
0
Let o = -36 - -36. Let q(s) = -s**2 + s + 9. Calculate q(o).
9
Suppose -4 = -2*m + 4*h, -5*h + 0 - 5 = -m. Suppose 5*a - 11 - 4 = m. Suppose u = a*u. Let p(n) = n - 5. What is p(u)?
-5
Let y(s) = 2*s + 1. Suppose 3*x + 8 = 5*l + 27, -4*l = 4*x - 4. Let u be -16*((-18)/(-8))/x. Let a be -2 + 5/((-15)/u). Give y(a).
5
Let h(g) = -13*g**2 + 2*g + 10*g**2 - 1 - g**3 + 0*g. Let o(p) = -5*p + 2*p - 4 + p**2 - p. Let u be o(4). What is h(u)?
7
Let d(k) = -21*k + 6. Suppose p - 2*s = 5*p + 18, -3*p - 3*s = 9. Let z(g) = -11*g + 3. Let b(a) = p*d(a) + 11*z(a). What is b(-3)?
-18
Let x(o) be the second derivative of 1/3*o**3 + 2*o - o**2 + 1/12*o**4 + 0. What is x(-4)?
6
Let r(i) be the third derivative of i**7/1260 + i**5/30 - 2*i**2. Let s(z) be the third derivative of r(z). Determine s(1).
4
Let o(a) = a**2 - 10 + 3 + 0*a**2 + 4*a. Suppose -d - 195 = 38*d. Give o(d).
-2
Let h(c) = -2*c**2 - 6*c - 3. Let l(t) = t**3 - 3*t**2 + 3*t - 4. Let g be l(3). Suppose g*z + 33 = -2*q, -3*q = -2*z - 3 + 5. Give h(q).
-11
Let u = -1 - -1. Let z(q) = 0*q**3 + 5*q**3 + u*q**3 + 3 - q - 4. Calculate z(-1).
-5
Let g(n) be the third derivative of -n**6/40 + n**5/20 - n**4/6 + n**3/2 + 5*n**2. What is g(2)?
-17
Let b be (-24)/14*7/(-2). Let q = b - -18. Suppose 8 = 2*d + v - 5*v, 0 = 4*d + 2*v + q. Let u(a) = -a**3 - 6*a**2 - 7*a - 4. Give u(d).
-8
Let u(f) = 2 - f**2 - 8*f + 2*f**2 + 11*f. Let d = 1 - 3. Calculate u(d).
0
Let o = -14 + 9. Let j = -1 - o. Let n(c) = 2 + 4*c**2 - c**3 - c + 0*c + 2*c. Give n(j).
6
Let p(g) = -g**3 - g**2 + 2*g + 3. Let a be p(-2). Let q(i) = i**3 - 3*i**2 - 3*i + 4. Determine q(a).
-5
Suppose -2*f - 6 = 3*f - 4*x, 3*f = -3*x - 9. Let n(i) be the first derivative of -i**2 - 1 - 1/3*i**3 + 1/4*i**4 - 2*i. Calculate n(f).
-10
Let u(b) = -b**2 - 7*b + 9. Let v(c) = 3*c**2 + 20*c - 26. Let x(d) = -17*u(d) - 6*v(d). Let f = 1 + -1. What is x(f)?
3
Let o(w) be the third derivative of -w**5/60 + 13*w**4/24 - 4*w**3/3 - 3*w**2 - 5*w. Calculate o(12).
4
Let z(r) = -r**3 + 5*r**2 - 2*r - 5. Let k be z(4). Suppose k*j = -4*w + 30 + 1, -3*j + 19 = w. Let y(g) = g**3 - 5*g**2 + 3*g + 4. Calculate y(w).
0
Let t(w) = 9*w - 8*w + 3*w**2 - 4*w**2 - 1. Calculate t(3).
-7
Let a(f) = f**3 + 4*f**2 - 4*f + 6. Let i be -6*(4/8)/(-1). Suppose i*b + m + 14 = 0, -2*b - 3*b - 4*m = 21. Determine a(b).
1
Let l(t) = 4*t + 4. Let h(n) = n + 1. Suppose -4 = 3*k - k. Suppose -w - 12 = -3*w. Let y(x) = k*l(x) + w*h(x). Determine y(-2).
2
Let x be 0*(1 - 3/6). Let v(a) = -3 - 3*a - 4*a + 5*a + x. What is v(-2)?
1
Let s = 44 + -47. Let h(u) = u**2 - 2*u + 4. Give h(s).
19
Let u(p) = -8. Let i(t) = t + 16. Let n(o) = -2*i(o) - 5*u(o). What is n(6)?
-4
Let w(i) = 14*i**2 - 15*i + 3. Let p(a) = 5*a**2 - 5*a + 1. Let h(n) = 17*p(n) - 6*w(n). Determine h(-6).
5
Suppose q = 2*q + 5, q = 4*j - 9. Let i(x) = 2*x**2 - 4*x - 2. Let u(p) = -p**2 + 3*p + 1. Let y(v) = 2*i(v) + 3*u(v). Determine y(j).
1
Let w = 5 + -3. Let m(q) = 2*q**3 - 2*q**2 - 2*q + 2. Let j(o) = o**3 - o**2 - o + 1. Let b(p) = -j(p) + m(p). What is b(w)?
3
Let w = 203 + -207. Let k(x) be the first derivative of x**4/12 + x**3/2 - x**2/2 - 1. Let f(v) be the second derivative of k(v). What is f(w)?
-5
Let i(t) be the second derivative of -5/12*t**4 - 1/20*t**5 + 1/6*t**3 + 3*t + 0 + 0*t**2. Determine i(-5).
-5
Let g be 3 - (0 + 1 + -1). Let v(x) = 10 + x**2 + 2*x - g - 6*x - 4*x. Calculate v(5).
-8
Suppose -k + 5*k - b = 13, 3*b + 17 = k. Let w(a) = -a**3 + 9*a - 2 - 2*a**k - 2*a + 7*a**2. Let t(y) = -y + 14. Let x be t(8). Give w(x).
4
Suppose 0 = -4*y + 3*j - 17, -2